 is the hundred thousands digit of 352879?
3
What is the hundreds digit of 975043?
0
What is the thousands digit of 1130947?
0
What is the hundreds digit of 335825?
8
What is the hundred thousands digit of 220219?
2
What is the units digit of 108862?
2
What is the ten thousands digit of 13917403?
1
What is the units digit of 2228775?
5
What is the units digit of 1224775?
5
What is the hundreds digit of 398537?
5
What is the tens digit of 13118659?
5
What is the hundreds digit of 1725344?
3
What is the thousands digit of 1888218?
8
What is the hundreds digit of 2184790?
7
What is the hundreds digit of 3594609?
6
What is the hundred thousands digit of 1463562?
4
What is the tens digit of 9135664?
6
What is the hundred thousands digit of 414108?
4
What is the hundreds digit of 5138611?
6
What is the thousands digit of 542000?
2
What is the units digit of 209792?
2
What is the hundred thousands digit of 2048158?
0
What is the units digit of 2259997?
7
What is the units digit of 426951?
1
What is the units digit of 14421445?
5
What is the millions digit of 1151879?
1
What is the thousands digit of 481601?
1
What is the ten thousands digit of 932774?
3
What is the hundred thousands digit of 16863466?
8
What is the hundred thousands digit of 126765?
1
What is the ten thousands digit of 82771?
8
What is the thousands digit of 3023197?
3
What is the units digit of 1388224?
4
What is the tens digit of 29663?
6
What is the ten thousands digit of 9089919?
8
What is the tens digit of 239163?
6
What is the thousands digit of 7857440?
7
What is the units digit of 2081394?
4
What is the thousands digit of 1070282?
0
What is the millions digit of 18460010?
8
What is the hundreds digit of 222477?
4
What is the thousands digit of 220462?
0
What is the thousands digit of 218389?
8
What is the units digit of 1176023?
3
What is the hundreds digit of 255334?
3
What is the hundred thousands digit of 296644?
2
What is the hundreds digit of 9592031?
0
What is the tens digit of 815030?
3
What is the hundreds digit of 30215?
2
What is the units digit of 5036174?
4
What is the units digit of 8602085?
5
What is the thousands digit of 625437?
5
What is the thousands digit of 57862?
7
What is the tens digit of 790536?
3
What is the millions digit of 3193295?
3
What is the tens digit of 56755?
5
What is the ten thousands digit of 270868?
7
What is the millions digit of 6846439?
6
What is the thousands digit of 110936?
0
What is the hundred thousands digit of 21084386?
0
What is the hundred thousands digit of 2651815?
6
What is the units digit of 69860?
0
What is the hundreds digit of 11453792?
7
What is the millions digit of 6849633?
6
What is the thousands digit of 9320824?
0
What is the units digit of 110250?
0
What is the units digit of 347878?
8
What is the hundred thousands digit of 12710487?
7
What is the units digit of 971388?
8
What is the millions digit of 1456960?
1
What is the hundred thousands digit of 35206658?
2
What is the units digit of 208661?
1
What is the thousands digit of 1006844?
6
What is the thousands digit of 17004006?
4
What is the millions digit of 2389931?
2
What is the millions digit of 26586342?
6
What is the units digit of 1947208?
8
What is the ten thousands digit of 3752095?
5
What is the units digit of 4799645?
5
What is the units digit of 370894?
4
What is the tens digit of 40387934?
3
What is the millions digit of 2718097?
2
What is the thousands digit of 10338127?
8
What is the hundred thousands digit of 528837?
5
What is the hundreds digit of 5272009?
0
What is the millions digit of 4497394?
4
What is the millions digit of 2889378?
2
What is the units digit of 196385?
5
What is the units digit of 12929230?
0
What is the ten thousands digit of 846226?
4
What is the ten thousands digit of 28332?
2
What is the hundreds digit of 1873122?
1
What is the tens digit of 49413?
1
What is the units digit of 1455454?
4
What is the ten thousands digit of 3920701?
2
What is the hundreds digit of 8435713?
7
What is the hundreds digit of 61430?
4
What is the units digit of 525902?
2
What is the tens digit of 136052?
5
What is the units digit of 5290626?
6
What is the ten thousands digit of 44928?
4
What is the hundred thousands digit of 10286593?
2
What is the hundreds digit of 543783?
7
What is the hundreds digit of 241738?
7
What is the tens digit of 1953243?
4
What is the hundreds digit of 889924?
9
What is the units digit of 19838678?
8
What is the hundred thousands digit of 252551?
2
What is the tens digit of 15060?
6
What is the thousands digit of 2703693?
3
What is the ten thousands digit of 14515411?
1
What is the thousands digit of 143379?
3
What is the millions digit of 2147442?
2
What is the thousands digit of 358840?
8
What is the ten thousands digit of 7538541?
3
What is the units digit of 1277091?
1
What is the tens digit of 31540829?
2
What is the ten millions digit of 21965121?
2
What is the ten millions digit of 13296800?
1
What is the hundreds digit of 9758433?
4
What is the tens digit of 2237655?
5
What is the hundreds digit of 1657?
6
What is the thousands digit of 774963?
4
What is the units digit of 2638425?
5
What is the hundred thousands digit of 3748948?
7
What is the hundred thousands digit of 1947364?
9
What is the tens digit of 195289?
8
What is the hundreds digit of 3324094?
0
What is the tens digit of 11654?
5
What is the hundred thousands digit of 2637400?
6
What is the tens digit of 7014523?
2
What is the hundreds digit of 308034?
0
What is the tens digit of 6839?
3
What is the thousands digit of 8602876?
2
What is the ten thousands digit of 164168?
6
What is the thousands digit of 100862?
0
What is the hundreds digit of 193012?
0
What is the ten thousands digit of 23875?
2
What is the hundreds digit of 258051?
0
What is the thousands digit of 11609?
1
What is the tens digit of 415789?
8
What is the thousands digit of 5848520?
8
What is the hundreds digit of 51740?
7
What is the hundred thousands digit of 6255313?
2
What is the tens digit of 129883?
8
What is the units digit of 4043836?
6
What is the hundreds digit of 132988?
9
What is the units digit of 318616?
6
What is the hundreds digit of 2118093?
0
What is the ten thousands digit of 136643?
3
What is the units digit of 21389?
9
What is the ten thousands digit of 291321?
9
What is the thousands digit of 30306145?
6
What is the thousands digit of 92513?
2
What is the tens digit of 195815?
1
What is the units digit of 6300851?
1
What is the tens digit of 11811?
1
What is the tens digit of 9758259?
5
What is the ten thousands digit of 692016?
9
What is the hundreds digit of 1932990?
9
What is the hundred thousands digit of 596246?
5
What is the ten millions digit of 12546804?
1
What is the ten thousands digit of 627853?
2
What is the thousands digit of 1272552?
2
What is the tens digit of 2328374?
7
What is the units digit of 1919338?
8
What is the thousands digit of 4390423?
0
What is the tens digit of 4195692?
9
What is the hundred thousands digit of 3347622?
3
What is the tens digit of 1590759?
5
What is the units digit of 3036715?
5
What is the hundred thousands digit of 6469537?
4
What is the hundreds digit of 451220?
2
What is the millions digit of 13519794?
3
What is the hundreds digit of 123472?
4
What is the hundreds digit of 550493?
4
What is the tens digit of 365361?
6
What is the tens digit of 105534?
3
What is the tens digit of 164735?
3
What is the ten thousands digit of 997406?
9
What is the tens digit of 566170?
7
What is the units digit of 205637?
7
What is the hundred thousands digit of 4536518?
5
What is the hundreds digit of 1458712?
7
What is the hundreds digit of 189693?
6
What is the hundred thousands digit of 789191?
7
What is the ten thousands digit of 1884927?
8
What is the ten thousands digit of 3335367?
3
What is the thousands digit of 226752?
6
What is the tens digit of 1563295?
9
What is the hundred thousands digit of 357497?
3
What is the tens digit of 1451404?
0
What is the hundred thousands digit of 152423?
1
What is the millions digit of 12119425?
2
What is the tens digit of 280135?
3
What is the units digit of 292162?
2
What is the units digit of 86939?
9
What is the ten thousands digit of 5636205?
3
What is the units digit of 4513